{"id":17,"date":"2018-01-23T17:23:56","date_gmt":"2018-01-23T16:23:56","guid":{"rendered":"http:\/\/assesdd.org\/?page_id=17"},"modified":"2024-02-08T18:27:40","modified_gmt":"2024-02-08T17:27:40","slug":"nos-projets","status":"publish","type":"page","link":"https:\/\/assesdd.org\/index.php\/nos-projets\/","title":{"rendered":"Nos projets"},"content":{"rendered":"<h3>Plus de <strong>13 000 Euros<\/strong> d\u00e9j\u00e0 engag\u00e9s en 8 ans !<\/h3>\n<p>Qu&rsquo;est-ce qu&rsquo;un projet \u00e0 impact durable ?<\/p>\n<p>Nous vous pr\u00e9sentons ici quelques exemples en d\u00e9tails pour illustrer les caract\u00e9ristiques des projets que nous finan\u00e7ons. Il s&rsquo;agit principalement, jusqu&rsquo;\u00e0 pr\u00e9sent, de parrainages scolaires et autres projets \u00e0 port\u00e9e \u00e9ducative.<\/p>\n<h5><strong>1. Projet la Bonne Cause<\/strong><\/h5>\n<p><img loading=\"lazy\" decoding=\"async\" class=\"size-medium wp-image-69\" src=\"https:\/\/assesdd.org\/wp-content\/uploads\/2018\/01\/IMG-Cantine-Jour1_3-300x169.jpg\" alt=\"\" width=\"300\" height=\"169\" srcset=\"https:\/\/assesdd.org\/wp-content\/uploads\/2018\/01\/IMG-Cantine-Jour1_3-300x169.jpg 300w, https:\/\/assesdd.org\/wp-content\/uploads\/2018\/01\/IMG-Cantine-Jour1_3-768x432.jpg 768w, https:\/\/assesdd.org\/wp-content\/uploads\/2018\/01\/IMG-Cantine-Jour1_3-1024x576.jpg 1024w, https:\/\/assesdd.org\/wp-content\/uploads\/2018\/01\/IMG-Cantine-Jour1_3-640x360.jpg 640w, https:\/\/assesdd.org\/wp-content\/uploads\/2018\/01\/IMG-Cantine-Jour1_3.jpg 1280w\" sizes=\"auto, (max-width: 300px) 100vw, 300px\" \/><\/p>\n<p>D\u00e9tails ici : <a href=\"https:\/\/assesdd.org\/index.php\/nosprojets\/la-bonne-cause\/\"><strong>Cantine La Bonne Cause<\/strong><\/a><\/p>\n<h5><strong>2. Parrainage scolaire de Lucie<\/strong><\/h5>\n<p><img loading=\"lazy\" decoding=\"async\" class=\"alignnone size-medium wp-image-64\" src=\"https:\/\/assesdd.org\/wp-content\/uploads\/2018\/01\/Lucie-Dakuo_4eme-T1-169x300.jpg\" alt=\"\" width=\"169\" height=\"300\" srcset=\"https:\/\/assesdd.org\/wp-content\/uploads\/2018\/01\/Lucie-Dakuo_4eme-T1-169x300.jpg 169w, https:\/\/assesdd.org\/wp-content\/uploads\/2018\/01\/Lucie-Dakuo_4eme-T1-576x1024.jpg 576w, https:\/\/assesdd.org\/wp-content\/uploads\/2018\/01\/Lucie-Dakuo_4eme-T1-675x1200.jpg 675w, https:\/\/assesdd.org\/wp-content\/uploads\/2018\/01\/Lucie-Dakuo_4eme-T1-360x640.jpg 360w, https:\/\/assesdd.org\/wp-content\/uploads\/2018\/01\/Lucie-Dakuo_4eme-T1.jpg 720w\" sizes=\"auto, (max-width: 169px) 100vw, 169px\" \/><\/p>\n<p>D\u00e9tails ici : <a href=\"https:\/\/assesdd.org\/index.php\/nosprojets\/parrainage-scolaire-lucie-d-cote-d-ivoire\/\">Scolarit\u00e9 Lucie D. (C\u00f4te d&rsquo;Ivoire)<\/a><\/p>\n<h5><strong>3. Parrainage scolaire de Pascal<\/strong><\/h5>\n<p><img loading=\"lazy\" decoding=\"async\" class=\"size-medium wp-image-76\" src=\"https:\/\/assesdd.org\/wp-content\/uploads\/2018\/01\/Pascal_Mars-16_1_r-169x300.jpg\" alt=\"\" width=\"169\" height=\"300\" srcset=\"https:\/\/assesdd.org\/wp-content\/uploads\/2018\/01\/Pascal_Mars-16_1_r-169x300.jpg 169w, https:\/\/assesdd.org\/wp-content\/uploads\/2018\/01\/Pascal_Mars-16_1_r.jpg 252w\" sizes=\"auto, (max-width: 169px) 100vw, 169px\" \/><\/p>\n<p>D\u00e9tails ici : <a href=\"https:\/\/assesdd.org\/index.php\/nosprojets\/parrainage-scolaire-pascal-a-cameroun\/\">Scolarit\u00e9 Pascal A. (Cameroun)<\/a><\/p>\n<h5><strong>4. Parrainage scolaire de Monique<\/strong><\/h5>\n<p><img loading=\"lazy\" decoding=\"async\" class=\"alignnone size-medium wp-image-197\" src=\"http:\/\/assesdd.org\/wp-content\/uploads\/2018\/01\/Monique-Zadi-225x300.jpg\" alt=\"\" width=\"225\" height=\"300\" srcset=\"https:\/\/assesdd.org\/wp-content\/uploads\/2018\/01\/Monique-Zadi-225x300.jpg 225w, https:\/\/assesdd.org\/wp-content\/uploads\/2018\/01\/Monique-Zadi-768x1024.jpg 768w, https:\/\/assesdd.org\/wp-content\/uploads\/2018\/01\/Monique-Zadi-900x1200.jpg 900w, https:\/\/assesdd.org\/wp-content\/uploads\/2018\/01\/Monique-Zadi-480x640.jpg 480w, https:\/\/assesdd.org\/wp-content\/uploads\/2018\/01\/Monique-Zadi.jpg 1200w\" sizes=\"auto, (max-width: 225px) 100vw, 225px\" \/><\/p>\n<p>D\u00e9tails ici : <a href=\"http:\/\/assesdd.org\/index.php\/nosprojets\/scolarite-monique-z-cote-divoire\/\">Scolarit\u00e9 Monique Z. (C\u00f4te d&rsquo;Ivoire)<\/a><\/p>\n<h5><strong>5. Salles informatiques avec des PC recycl\u00e9s<\/strong><\/h5>\n<p><img loading=\"lazy\" decoding=\"async\" class=\"size-medium wp-image-62\" src=\"https:\/\/assesdd.org\/wp-content\/uploads\/2018\/01\/IMG_ordinateurs_LBC-300x199.jpg\" alt=\"\" width=\"300\" height=\"199\" srcset=\"https:\/\/assesdd.org\/wp-content\/uploads\/2018\/01\/IMG_ordinateurs_LBC-300x199.jpg 300w, https:\/\/assesdd.org\/wp-content\/uploads\/2018\/01\/IMG_ordinateurs_LBC-768x510.jpg 768w, https:\/\/assesdd.org\/wp-content\/uploads\/2018\/01\/IMG_ordinateurs_LBC-640x425.jpg 640w, https:\/\/assesdd.org\/wp-content\/uploads\/2018\/01\/IMG_ordinateurs_LBC.jpg 841w\" sizes=\"auto, (max-width: 300px) 100vw, 300px\" \/><\/p>\n<p><img loading=\"lazy\" decoding=\"async\" class=\"alignnone size-medium wp-image-74\" src=\"https:\/\/assesdd.org\/wp-content\/uploads\/2018\/01\/DSC09287-225x300.jpg\" alt=\"\" width=\"225\" height=\"300\" srcset=\"https:\/\/assesdd.org\/wp-content\/uploads\/2018\/01\/DSC09287-225x300.jpg 225w, https:\/\/assesdd.org\/wp-content\/uploads\/2018\/01\/DSC09287-768x1024.jpg 768w, https:\/\/assesdd.org\/wp-content\/uploads\/2018\/01\/DSC09287-1350x1800.jpg 1350w, https:\/\/assesdd.org\/wp-content\/uploads\/2018\/01\/DSC09287-900x1200.jpg 900w, https:\/\/assesdd.org\/wp-content\/uploads\/2018\/01\/DSC09287-480x640.jpg 480w\" sizes=\"auto, (max-width: 225px) 100vw, 225px\" \/><\/p>\n<p>D\u00e9tails ici : <a href=\"http:\/\/assesdd.org\/index.php\/nosprojets\/salles-informatiques-pc-recycles\/\">Salles informatiques (PC recycl\u00e9s)<\/a><\/p>\n<p><strong>Ci-apr\u00e8s un aper\u00e7u synth\u00e9tique du financement des projets depuis la cr\u00e9ation : <\/strong><\/p>\n<p><img loading=\"lazy\" decoding=\"async\" class=\"size-full wp-image-278 alignnone\" src=\"https:\/\/assesdd.org\/wp-content\/uploads\/2018\/02\/projet-financement-Vue-par-pays.png\" alt=\"\" width=\"197\" height=\"179\" \/>\u00a0 \u00a0 \u00a0<img loading=\"lazy\" decoding=\"async\" class=\"alignnone size-full wp-image-279\" src=\"https:\/\/assesdd.org\/wp-content\/uploads\/2018\/02\/projet-financement-Vue-par-type-projet.png\" alt=\"\" width=\"246\" height=\"194\" \/>\u00a0 \u00a0\u00a0<img loading=\"lazy\" decoding=\"async\" class=\"alignnone size-full wp-image-277\" src=\"https:\/\/assesdd.org\/wp-content\/uploads\/2018\/02\/projet-financement-Vue-par-niveau-scolaire.png\" alt=\"\" width=\"272\" height=\"259\" \/><\/p>\n<pre><strong style=\"font-family: Raleway, Arial, sans-serif; font-size: 1.4em;\">Je veux soutenir ce mouvement de solidarit\u00e9 \u00e0 impact durable (don) : <a href=\"http:\/\/paypal.me\/AssESDD\">ICI<\/a>\nJe souhaite rajouter mes forces \u00e0 celles du groupe (adh\u00e9sion membre) :<\/strong> <strong style=\"font-family: Raleway, Arial, sans-serif; font-size: 1.4em;\"><a href=\"http:\/\/assesdd.org\/index.php\/membres\/\">ICI<\/a><\/strong><span style=\"font-family: Raleway, Arial, sans-serif; font-size: 1.4em;\">.<\/span><\/pre>\n","protected":false},"excerpt":{"rendered":"<p>Plus de 13 000 Euros d\u00e9j\u00e0 engag\u00e9s en 8 ans ! Qu&rsquo;est-ce qu&rsquo;un projet \u00e0 impact durable ? Nous vous pr\u00e9sentons ici quelques exemples en d\u00e9tails pour illustrer les caract\u00e9ristiques des projets que nous finan\u00e7ons. Il s&rsquo;agit principalement,&#8230; <a class=\"read-more\" href=\"https:\/\/assesdd.org\/index.php\/nos-projets\/\">Read More<\/a><\/p>\n","protected":false},"author":1,"featured_media":0,"parent":0,"menu_order":0,"comment_status":"closed","ping_status":"closed","template":"","meta":{"footnotes":""},"class_list":["post-17","page","type-page","status-publish","hentry","no-comments"],"jetpack_sharing_enabled":true,"jetpack_shortlink":"https:\/\/wp.me\/P9AHGD-h","jetpack_likes_enabled":true,"_links":{"self":[{"href":"https:\/\/assesdd.org\/index.php\/wp-json\/wp\/v2\/pages\/17","targetHints":{"allow":["GET"]}}],"collection":[{"href":"https:\/\/assesdd.org\/index.php\/wp-json\/wp\/v2\/pages"}],"about":[{"href":"https:\/\/assesdd.org\/index.php\/wp-json\/wp\/v2\/types\/page"}],"author":[{"embeddable":true,"href":"https:\/\/assesdd.org\/index.php\/wp-json\/wp\/v2\/users\/1"}],"replies":[{"embeddable":true,"href":"https:\/\/assesdd.org\/index.php\/wp-json\/wp\/v2\/comments?post=17"}],"version-history":[{"count":27,"href":"https:\/\/assesdd.org\/index.php\/wp-json\/wp\/v2\/pages\/17\/revisions"}],"predecessor-version":[{"id":2673,"href":"https:\/\/assesdd.org\/index.php\/wp-json\/wp\/v2\/pages\/17\/revisions\/2673"}],"wp:attachment":[{"href":"https:\/\/assesdd.org\/index.php\/wp-json\/wp\/v2\/media?parent=17"}],"curies":[{"name":"wp","href":"https:\/\/api.w.org\/{rel}","templated":true}]}}